
-6
Let a(q) = q**3 + 4*q**2 - q + 1. Suppose -3*u = -5*l - 47, 5*u - u = l + 23. Let s be (l - -2 - 4) + 5. Give a(s).
5
Let v(x) = -x**2 - 4*x - 3. Let a(i) = 6*i + 9. Let b = 233 + -235. Let g be a(b). Determine v(g).
0
Let i(g) = 133 + 11*g - 43*g + 137 - 150 + 292. Give i(13).
-4
Let m(d) = d**2 + 2*d + 2. Let s(k) = k**3 + 3*k**2 + k. Let j(h) = 2*m(h) + s(h). Let u be -7 - 3/((-9)/6). Calculate j(u).
-21
Let n(k) = 0 - 1 + 9568*k**2 - 9594*k**2 + 7*k - 6*k. What is n(-1)?
-28
Suppose 5*j - 25 = -5*b, 4*b = 3*b - 4. Suppose -7*p + 2*p = 3*o + 26, 3*o = j. Let t(a) = -a + 2. Calculate t(p).
9
Let c(v) = v**3 - v**2 - v + 1. Let i be c(-2). Let w(a) = -a + 18. Calculate w(i).
27
Let n = 39 + -27. Suppose 4*p - n = p. Suppose 4*m = p*d + 20, -m + 2*m + 2*d + 10 = 0. Let y(j) = -j**3 - j + 7. Give y(m).
7
Let s = -1980 + 1976. Let d(b) = 2*b**3 + 7*b**2 - 6*b - 10. Determine d(s).
-2
Let b(l) = -l**3 - l**2 + 3*l - 1. Let u be (20/(-35))/(2/(-35)). Let w = 6 - u. Let v(j) = -j**2 + 2*j - 1. Let t(x) = w*v(x) + 3*b(x). Determine t(-1).
4
Let r(s) = 5*s**2 + 12. Let i(v) = 3*v**3 + 10*v**2 + 5*v + 7. Let h be i(-3). Let b(n) = n**2 + n + 1. Let p(u) = h*r(u) - 6*b(u). What is p(-5)?
11
Let z(q) = 63*q + 17. Let n(i) = -29*i - 8. Let g(u) = -13*n(u) - 6*z(u). Let l be -30*4/(-8) + -4. Determine g(l).
-9
Suppose 5*b - 4*n + 4 = -19, 0 = 2*b - 5*n + 16. Let d(q) = 39903*q - 19946*q - 19945*q. What is d(b)?
-36
Let v be (((-44)/14)/11)/(3/(-21)). Let l(w) = -7*w**2 - 2*w**2 + 3 - 2 - v*w - 21*w**3 + 19*w**3 + w**2. What is l(-3)?
-11
Let a(p) = p. Suppose 2*s + 5*v = 1134, -6 = 3*v - 0. Let f = -574 + s. Give a(f).
-2
Let t(g) = 2*g - 6. Let j be t(9). Let l(f) = -16*f + f**3 - j*f - 5 + 20*f - 4*f**2 - 3*f**2. Determine l(8).
-5
Let d(g) = -49 + 44 + 16*g + 31 + 59. What is d(-5)?
5
Let c(m) = -m**3 - 6*m**2 - 6*m - 7. Let j = 41 - 76. Let x = j + 49. Suppose 0 = 2*f - u + x - 0, 3*f + 2*u = -7. Determine c(f).
-2
Let n(f) = -f**2 - 39*f + 18. Let j(w) = 3*w**2 + 109*w - 54. Let a(q) = -4*j(q) - 11*n(q). Give a(-9).
0
Suppose -1465*f + 1467*f = 4*g + 14, 3*f - 19 = 5*g. Let t(j) = -4*j**3 - 10*j**2 - j + 4. Calculate t(g).
-2
Let k(t) be the first derivative of -t**2/2 - 4*t + 299. Give k(9).
-13
Let i(u) = -u**2 + 82*u + 246. Let j(z) = -385*z - 773. Let g be j(-2). What is i(g)?
-9
Let w(j) = 2*j**2 - 1. Let i be -6 + -6 - 1 - (-1 - -5). Let n(l) = -6*l - 103. Let b be n(i). Give w(b).
1
Let t(v) be the first derivative of 1 + 0*v + 1/2*v**2. Suppose -23*l - 212 = 7*l + 23*l. Give t(l).
-4
Let x(v) = -4*v + 20. Let t be x(2). Let q(f) = -f**3 + 4*f**2 + 7 + 7 - 1 - t. Determine q(4).
1
Let o(t) = t**2 + 6*t - 5. Let k be o(-7). Let j(y) be the third derivative of -y**4/24 + y**3/3 - 492*y**2. Give j(k).
0
Suppose 27*u - 15 = -312. Let s(i) = i**3 + 11*i**2 + i + 21. Calculate s(u).
10
Let s(x) = -1 - 2*x + 1. Let y be (-315)/35 - ((-12)/8)/(9/30). Determine s(y).
8
Let q(m) = 7 + 1315*m**2 - 656*m**2 - 653*m**2 + 6*m. Determine q(-3).
43
Let c(w) = -2*w**2 - 46*w - 9. Let l(q) = q**2 + 15*q + 4. Let v(a) = -3*c(a) - 8*l(a). Determine v(9).
-5
Let o(p) be the second derivative of -p**4/12 - 5*p**3/3 - 7*p**2/2 + 4253*p. What is o(-4)?
17
Let x(t) = t**2 + 10*t - 22. Let r be 11656/(-940) + -1 + 7/5. Calculate x(r).
2
Let u = -3009 - -3004. Let f(b) = -7*b**2 - 13*b - 3. What is f(u)?
-113
Let m(w) = -6*w + 9. Let v = 5119 - 5112. Determine m(v).
-33
Suppose 0*n = 3*n + 2*z - 18, 5*n - z - 43 = 0. Let s be (-1704)/(-30) + n/(-10). Let g(f) = -19 - f - 16 + s - 20 + 8*f**2. Determine g(1).
8
Let x(r) = -45*r + 156. Let f(l) = -23*l + 85. Let a(d) = 11*f(d) - 6*x(d). What is a(-2)?
-35
Let w(r) = -2*r**2 + 3*r - 27. Let v = -16551 + 16559. What is w(v)?
-131
Let g be 26/6 + (-1)/3. Let q(c) = -5*c + 4 + 2 + 2 - 4*c**2 - 18. Let a(w) = -w**2 - 1. Let z(r) = 6*a(r) - q(r). Calculate z(g).
-8
Let s(d) = -d**2 + 8*d - 5. Let j = 1079 - 1073. Calculate s(j).
7
Let j(q) = 5*q - 46*q - 313 - 40*q - 29*q + 4*q. What is j(-3)?
5
Let l(j) = j - 15. Let n(k) = 7*k - 38. Let d(c) = 8*c - 37. Let o(b) = 5*d(b) - 6*n(b). Let r(f) = -11*l(f) - 4*o(f). What is r(-7)?
14
Let w = 425 + -425. Let a(z) = 14*z**2 + w*z - 9*z**2 + 10 + z**3 - 4*z**2 - 12*z - 9*z**2. Calculate a(9).
-17
Let i = -10214 + 10210. Let r(k) = -5*k - 22. Determine r(i).
-2
Let y(n) = 97 - 50 - 29 - n - 21*n**2 + n**3. Suppose 28*j + 74 = 662. Calculate y(j).
-3
Let w(j) = -15*j. Let z be 1/2*42/(-1). Suppose k = -1 + 21. Let n = z + k. What is w(n)?
15
Let a be -3 + 2 - (8 - 12). Let k(f) = -a*f**2 - 2*f - 2 + 4*f**2 + 4*f. Give k(-8).
46
Let s(t) = -3 + 19*t**2 + 23*t**2 - 49*t**2 + 2*t + 2. Suppose -2*p + 1 = -3*q - 8, 0 = 4*q + 12. Suppose p = -2*c - 2*c + r + 8, 5*c = r + 9. Calculate s(c).
-6
Let p(v) be the second derivative of 0 - 50*v + 0*v**2 + 1/3*v**4 + 1/6*v**3. What is p(-1)?
3
Let l(m) = 2 + 5*m**2 - 8 - 2*m + 9 + 6. Let t(y) = -y**2 + y - 2. Let p(f) = -l(f) - 6*t(f). What is p(4)?
3
Let g(r) = -r**3 + 0 + 2 - 85*r - 4*r**2 + 84*r. Let h(q) = q**2 + 6*q + 12. Let z be h(-6). Let t = z - 15. What is g(t)?
-4
Let t(q) = q - 6. Let x(k) = k**3 + 8*k**2 - 21*k - 10. Let p be x(-10). Suppose p = -4*d + 6*d - 4. Suppose 5*j - 27 = d*j. Give t(j).
3
Let k(q) = 2*q**2 - 11*q + 0*q**2 + 24 + 4485*q**3 - 4486*q**3. What is k(2)?
2
Let z(q) = -5*q**2 + 24*q - 58. Let h(f) = 9*f**2 - 46*f + 112. Let r(p) = -6*h(p) - 11*z(p). Calculate r(-15).
11
Let w(v) = -26*v**3 - v**2 + v + 1. Let n be 81/2 + ((-25)/10 - -5). Suppose n*q - 2 = -45. Calculate w(q).
25
Let t(d) = -18*d - 53. Let u be t(-3). Let y(g) be the first derivative of 25*g**4/4 + 2*g**3/3 - g**2/2 - 21. Determine y(u).
26
Let f be (-1 - -1)*(-3)/6. Let h(b) = -9*b**2 - 167*b - 19. Let a(m) = -20*m**2 - 376*m - 37. Let z(y) = -4*a(y) + 9*h(y). Give z(f).
-23
Let m(k) = k**2 + 2*k + 1. Let a(d) = d**2 - 9*d + 13. Let q(l) = a(l) - 2*m(l). Calculate q(-10).
41
Suppose -17*m - 3*z = -16*m - 17, -19 = -m - 5*z. Let y(r) be the first derivative of m + 1/2*r**2 - 2*r. Give y(-5).
-7
Let y = 122 - 117. Suppose -b = y*b - 12. Let s(x) = -1 + 16*x**b - 2*x**2 - 7*x**2 - 2*x**2. Give s(-1).
4
Let n(b) = -11*b**2 + b + 17. Let d(r) = -4*r**2 + 6. Let w = 235 + -232. Let v(x) = w*n(x) - 8*d(x). Calculate v(6).
-15
Let y(g) be the third derivative of 11*g**4/12 + 67*g**3/2 + 4896*g**2. Give y(-9).
3
Suppose i - 320 = -3*n, -3*i - 328 - 182 = -5*n. Suppose -n = -15*f - 6*f. Let k(q) = -4 + 4 + 2 + 4*q. What is k(f)?
22
Let u(c) = -c**2 + c + 1. Let f be -7 - (-5)/(-2)*-4. Suppose -2*x = -s - 7, -s - 4*x + f*x = -2. Give u(s).
-1
Let j(x) be the third derivative of -x**5/60 + 7*x**4/24 + 2*x**3/3 + x**2. Suppose -4*n + 89 = 73. Let l(s) = s**2 + 16*s - 72. Let i be l(n). Give j(i).
-4
Suppose -3*q = 2*a - 5*q + 12, -2*a + 4*q - 10 = 0. Let i(f) = -f**2 - 10*f - 4. Calculate i(a).
17
Suppose 3*o + 17 = 5*t, -2*o - 4 = -2*t + 2. Suppose -t*f + 8 = -0*f. Suppose -6*g - f*g = 64. Let a(y) = -2*y + 1. Calculate a(g).
17
Let x(c) = c + 57. Let t = -2757 + 2757. Give x(t).
57
Let y(w) = 86*w + 11*w**2 + 202*w**3 - 113*w - 203*w**3 - 6. What is y(5)?
9
Let k(y) = y**3 - 15*y**2 + 36*y + 24. Suppose 611*q = 409*q + 2424. Determine k(q).
24
Let d(l) = 9 + 2*l - 3*l**2 + 4*l**2 - 4 - 9. Suppose 3*f - 37*f - 136 = 0. Calculate d(f).
4
Let h(d) = d**3 - 15*d**2 + 15*d - 24. Let t(g) = -g**3 - 22*g**2 + 18*g - 101. Let j be t(-23). What is h(j)?
-10
Let u(h) = -h - h - 2*h - 1 - 4*h**2 + 6 - 253*h**3 + 254*h**3. Determine u(2).
-11
Let u = 4658 + -4658. Let n(z) be the second derivative of -1/12*z**4 + 6*z + 1/20*z**5 - 1/6*z**3 + u + 4*z**2. Give n(0).
8
Let j(o) be the third derivative of -3*o**2 - 1/6*o**3 + 0*o**4 + 1/60*o**5 + 1/40*o**6 + 0 + 0*o. Suppose 487*s + 3 = 484*s. Calculate j(s).
-3
Let n = 26664 + -26660. Let t(b) be the second derivative of 1/12*b**n + 11/20*b**5 - 38*b + 0*b**3 + 0 + 0*b**2. Calculate t(-1).
-10
Let n be (8/(-10))/(6/(-15)). Suppose n*s + s = -6. Let l(m) be the second derivative of -m**4/12 - m**3/2 - m**2/2 + 4159*m. Give l(s).
1
Suppose 6*h - 3*h = -2*j + 65, j + 78 = 5*h. Let b(f) = f**3 - 19*f**2 + 34*f - 14. Calculate b(h).
-14
Let z be ((-456)/(-900))/(-38)*(18/(-8) + 1). Let w(f) be the third derivative of 10*f**